/2 - 8*j + 3. Let q(m) = -6*x(m) - 5*z(m). Calculate q(0).
-2
Let t(o) = 7*o + 9. Let a(s) = 6*s + 8. Let z(p) = -6*a(p) + 5*t(p). Determine z(-8).
5
Suppose -15 = -8*p + 3*p. Let l = p + 1. Suppose -j - l*w = -w + 9, -2*j + w = 11. Let f(q) = q**3 + 6*q**2 - q - 7. Determine f(j).
-1
Suppose 13*x - 17*x + 24 = 0. Let z(y) = -y**2 + 7*y - 2. Calculate z(x).
4
Let w(o) = -3*o. Let a(r) = -4*r. Let p(m) = -5*a(m) + 8*w(m). Calculate p(-3).
12
Let r(h) = -h**3 - 1. Suppose 3 = c - 0. Suppose -p + c = -4*p. Calculate r(p).
0
Suppose -8*k - 30 = -3*k + 5*r, 0 = -4*k + 2*r - 18. Let j(z) = -z**2 - 5*z - 2. What is j(k)?
-2
Let d(q) = 2*q + 1. Suppose 0*x - 23 = 5*i + 4*x, -i - 5 = x. Calculate d(i).
-5
Suppose -z + 3 = 8. Let j(l) = 15*l**2 + 4*l - 30*l**2 - 1 + 16*l**2. Give j(z).
4
Suppose 4*z + 6*w - w = 9, -4*w = -4*z - 36. Let f = z + 4. Let o(u) = -u - 2*u + 2*u + f*u - 4. Determine o(-5).
1
Let j(w) = -w**3 - w**2 - 2*w - 8. Let l(s) = -2*s**3 - 3*s**2 - 2*s - 9. Let a(k) = 3*j(k) - 2*l(k). Determine a(-4).
-14
Let c(w) = w - 5. Suppose 24 = -6*d + 2*d. Let z = d + 3. Let a = 3 + z. Calculate c(a).
-5
Let b(v) be the third derivative of v**4/12 + v**3/2 - 7*v**2. Determine b(-4).
-5
Let v = 8 - 13. Let d(x) = 4*x**3 + 3*x**2 + 5*x + 1. Let q(y) = -3*y**3 - 4*y**2 - 5*y. Let p(f) = -2*d(f) - 3*q(f). Calculate p(v).
-2
Let g(z) = 0 + 4*z**2 - 2 + 1 - 4*z - 5*z**2. Let q(n) = 6*n**3 - 2*n - 1. Suppose 1 = -2*a + y, -3*a + 3 - 11 = 5*y. Let k be q(a). Determine g(k).
-6
Let v(q) = 0 + q + 4 + 0. Let g be v(-6). Let l(h) be the third derivative of h**6/120 + h**5/20 + h**4/6 + h**3/3 + 45*h**2. Calculate l(g).
-2
Suppose i + 0*i - 10 = 0. Let l(d) = 4 + d**3 - i + 7*d**2 - d**2. Let x(n) = -3*n + 6. Let v be x(4). Give l(v).
-6
Let d(c) = c**3 - 3*c**2 - 5*c + 2. Let i(f) = -f - 1. Suppose 16 = -4*t, 1 = -z + 5*t - 4*t. Let h be i(z). Give d(h).
-2
Let b = 47 + -52. Let h(u) be the first derivative of u**3/3 + 3*u**2 - 5*u + 1. Calculate h(b).
-10
Let k(m) = 8 - 2*m - m**2 + m + 5*m - 3. Let s be k(4). Let i(w) = -w**3 + 6*w**2 - 7*w + 5. Determine i(s).
-5
Suppose 5*x - 5*w - 10 = 0, 10 - 22 = 4*x + w. Let r be 1 + x/6*-3. Let j(y) = 6*y - 5. Let u(l) = 3*l - 3. Let g(i) = 3*j(i) - 5*u(i). Calculate g(r).
6
Let d be 5/15 + 8/3. Let q(v) be the first derivative of 1/3*v**d - 3 - 3/2*v**2 + 3*v. Determine q(2).
1
Let t = 10 - 5. Let l(z) = z - z - z + t. Suppose 0 = -2*o - 2*o - p - 5, 25 = 3*o - 5*p. Determine l(o).
5
Suppose -8 = -3*g - g. Let l(i) = i**2 + 0 + 3*i**3 - i - g*i**3 + 5. Determine l(0).
5
Let s(k) be the first derivative of 1 + 5/24*k**4 - 2/3*k**3 + 0*k - 1/60*k**5 + 1/2*k**2. Let o(q) be the second derivative of s(q). Give o(3).
2
Let q(z) = 3*z. Suppose 18 - 23 = 5*a. Give q(a).
-3
Let s(k) = -2*k - 1. Let t(r) = 9*r + 4. Let b(z) = 5*s(z) + t(z). Give b(0).
-1
Let k(b) be the first derivative of b**3/3 - 5*b**2/2 - 7. Give k(6).
6
Let k(h) = -h + 7. Let s = -2 - -2. Let w be (5 + -5)*(1 + 0). Let o = s - w. Determine k(o).
7
Let q(u) = -2. Let x(f) = -f + 8. Let t(k) = -9*q(k) - 2*x(k). Suppose -2*c = -5*c - 12. What is t(c)?
-6
Let z(q) = -3*q - 4. Suppose -2*t = -4*t. Suppose -5*y - 3*c - 26 = t, 0 = 3*y + 2*c - 3*c + 10. Calculate z(y).
8
Let f(x) = x**2 - 7*x - 4. Let v(w) = w**3 - 4*w**2 - 10*w - 5. Let r be v(6). Calculate f(r).
-4
Let f(p) = 2 - 3*p**2 + 5*p**2 + 3*p**2 - 3*p - 4*p**2. Determine f(4).
6
Let w(h) = -4*h**2 + 7*h - 8. Let y(r) = -r**2 + 2*r. Let o(p) = -w(p) + 3*y(p). Suppose -2*u + 5 - 3 = 0. Suppose q + 0 + u = 4*t, -3*q - 3 = 2*t. Give o(t).
8
Let y(w) = 5*w**3 + 5*w**2 + 5*w + 1. Let v(q) = 4*q**3 + 5*q**2 + 4*q. Let s(a) = a**2 - 4*a - 2. Let l be s(3). Let m(j) = l*y(j) + 6*v(j). What is m(4)?
7
Suppose c + 0 - 9 = m, -4*m - 31 = -3*c. Let p(s) = 5*s + 9. Let v(k) = -9*k - 17. Let b = 5 + -2. Let z(x) = b*v(x) + 5*p(x). What is z(m)?
2
Let u(g) = -g**2 + 3*g - 2. Let a = 5 + -2. Calculate u(a).
-2
Suppose 4*y + 2*l + 22 = -0*l, -4*y + 2*l = 34. Let d(f) = f + 2. Calculate d(y).
-5
Let m = -19 + 21. Let q(t) = -t**3 - 5*t**2 + 5*t - 5. Let a(j) = -6*j**3 - 26*j**2 + 26*j - 26. Let r(f) = m*a(f) - 11*q(f). Determine r(2).
1
Let a(p) = 5*p**2 + 3*p - 2. Let c(r) = -11*r**2 - 7*r + 5. Let s(w) = -5*a(w) - 2*c(w). Determine s(-1).
-2
Let r(d) = -d**2 - 3. Let p be r(0). Let i(n) be the second derivative of -2*n**2 + 0 - 1/3*n**3 + 2*n - 1/12*n**4. Give i(p).
-7
Let m(d) = d**2 + 4*d + 4. Let v be m(-4). Let a = v + -1. Let y(j) be the second derivative of -j**3/6 - 2*j**2 + 2*j. Determine y(a).
-7
Suppose 0 = 5*u - 0*u - 15. Let f(v) = -v + u + v**3 - 8 - 7. Determine f(0).
-12
Let l = -6 - -8. Let y(q) = -5 + 1 + 2 + l*q + 0*q. Suppose -2*v + 0*v + 10 = 0. What is y(v)?
8
Suppose 0 = 4*p + 4*n, -4*p - 2*n + 2 = -0*n. Let m(d) = 10*d + 1. Determine m(p).
11
Suppose 0 = -2*y - 2*l + 3*l - 121, 5*y - 3*l + 305 = 0. Let q be (-3)/(-15) + y/(-10). Let b(m) = m + 3. Determine b(q).
9
Let i(h) = 2*h - 1. Let o(r) = 5*r**2 - 1. Let b be o(1). Let u be b/((-2)/12*4). Determine i(u).
-13
Let q(d) = 5*d. Let i(f) = -f**3 - 5*f**2 - f - 5. Let v be i(-5). Suppose v = 6*k - 4*k - 2. Let w be q(k). Let r(x) = -x - 1. Determine r(w).
-6
Suppose 3*x + k + 27 = 0, 5*x = -2*k - 2*k - 38. Let w(c) = -c**3 - 10*c**2 + 2*c + 12. Calculate w(x).
-8
Let z(h) = 4*h**3 + 5*h**2 + h + 3. Let w(j) = 3*j**3 + 4*j**2 + 3. Let b(t) = -3*w(t) + 2*z(t). Let d = 1 - -1. Let r be d/7 + 46/(-14). Calculate b(r).
0
Let s(r) = r**3 - 2*r + 2. Let d be 110/40 - 9/12. What is s(d)?
6
Let b(j) be the second derivative of j**4/6 - 2*j**3/3 + j**2 - j. Suppose 2*m - 7 = m + 4*f, 3*f + 7 = -m. Let h be (-3)/(m + (-2)/4). Determine b(h).
2
Let v be (-14)/7*1*-2. Let w(o) = o**2 - 3*o. Give w(v).
4
Let d(v) = -v**2 + 3*v + 5 + v + 2 - 3. What is d(5)?
-1
Let d(q) = -2*q**3 - 5*q**2 + 6*q + 4. Let x be d(-3). Let m(i) = -i**3 - 5*i**2 - 2. Determine m(x).
-2
Let l(m) = -m**3 - 3*m**2 + m - 3. Suppose 91 = 4*z - c, -5*z - c = -5*c - 111. Suppose -5*q = 2*u + 31, 0*u = u + 4*q + z. Determine l(u).
-6
Let x = 2 + 1. Let h be 8/16 + x/(-2). Let j(d) = 8*d + 1. Determine j(h).
-7
Let j(x) be the second derivative of 0 - x - 1/2*x**2 + 1/6*x**3. Let h(v) = -6*v + 4. Let i(n) = h(n) + 5*j(n). What is i(2)?
-3
Let f = 85 + -89. Let a(s) be the second derivative of -s**4/12 - s**3/3 + 2*s**2 + s. Calculate a(f).
-4
Let q(i) = i**3 - 8*i**2 + 6*i + 10. Let o = -42 + 49. Give q(o).
3
Let b be (-8)/(-2) - 1 - 1. Let s(x) = -1 - 6*x - b*x**3 + 3*x**3 - 2 + 3*x**2. Give s(-4).
5
Let n(b) = -8*b**2 + 0*b**3 - 1 - 3 - b**3 - 2. Calculate n(-8).
-6
Let s(k) = 5*k + 1. Let b(l) = -l. Let c(j) = -6*b(j) - 2*s(j). What is c(-2)?
6
Let s(i) = -2*i - 6. Let r be s(-6). Let w(x) = -2*x + 2. Determine w(r).
-10
Let m(i) = -2*i + 1. Let k = 13 - 7. Suppose -5*q - k = 4. Give m(q).
5
Let k(j) = -j. Let w(v) = -5*v - 2. Let u(o) = -k(o) + w(o). Give u(-2).
6
Let r(t) be the third derivative of -t**6/120 + t**5/15 - 5*t**4/24 + t**3/2 - 4*t**2. Let q = 12 + -9. Determine r(q).
-3
Suppose -a + 2*g - 12 = 6*g, -5*a - 30 = 5*g. Let m(h) = h**2 - 1. Let s(d) = d**3 + 5. Let j(z) = -4*m(z) - s(z). Determine j(a).
-1
Suppose r + 0 = -v + 4, -20 = -3*v + 5*r. Let z(t) = -3*t - 1 + v*t + 3*t. Suppose -4*i + 7 + 13 = -4*q, -3*i = -4*q - 19. What is z(i)?
4
Let l(y) be the third derivative of -y**5/60 + y**4/6 - y**3/2 - 5*y**2. What is l(3)?
0
Let d(w) = -w**3 + 6*w**2 + 2. Suppose 0 = -5*g + g + 24. Determine d(g).
2
Let q(x) be the first derivative of -x**2/2 - x + 17. What is q(-4)?
3
Let a(j) = -j + 6. Let i be a(9). Let s = 2 + i. Let y(w) = 2*w**3 - 4. Let k(p) = -1. Let t(g) = 4*k(g) - y(g). What is t(s)?
2
Let d(l) = -l - 3. Let c be d(-5). Let w(y) = c - 59*y**2 + 0 + 4*y + 60*y**2. Calculate w(-5).
7
Let b(v) be the third derivative of v**9/60480 - v**7/5040 + v**6/120 + v**5/30 - 3*v**2. Let x(g) be the third derivative of b(g). Let j = -1 - -1. Give x(j).
6
Let p be (-2)/3*18*(-6)/(-12). Let g(i) = i**3 + 7*i**2 + 5*i. Give g(p).
6
Let w(p) = p**3 + 4*p**2 + 3*p + 1. Let v = -10 + 8. Determine w(v).
3
Let z(a) = a - 6. Let c = 50 + -55. Give z(c).
-11
Suppose -2 = -0*j - j. Suppose -j*g - 6 = -0. Let n(q) = -4 + 0 + 0*q**2 - 2*q**2 + 2*q - q**3. What is n(g)?
-1
Let j 